{"id":725,"date":"2024-01-02T22:04:11","date_gmt":"2024-01-02T22:04:11","guid":{"rendered":"https:\/\/laurafontanals.com\/?page_id=725"},"modified":"2024-03-29T18:47:13","modified_gmt":"2024-03-29T18:47:13","slug":"bio-2-2","status":"publish","type":"page","link":"https:\/\/laurafontanals.com\/?page_id=725","title":{"rendered":"BIO"},"content":{"rendered":"\t\t<div data-elementor-type=\"wp-page\" data-elementor-id=\"725\" class=\"elementor elementor-725\">\n\t\t\t\t\t\t\t<div class=\"elementor-element elementor-element-967d44d e-flex e-con-boxed e-con\" data-id=\"967d44d\" data-element_type=\"container\" data-settings=\"{&quot;background_background&quot;:&quot;classic&quot;,&quot;content_width&quot;:&quot;boxed&quot;}\">\n\t\t\t\t\t<div class=\"e-con-inner\">\n\t\t<div class=\"elementor-element elementor-element-a6288ad e-con-full e-flex e-con\" data-id=\"a6288ad\" data-element_type=\"container\" data-settings=\"{&quot;content_width&quot;:&quot;full&quot;}\">\n\t\t\t\t<div class=\"elementor-element elementor-element-a160a72 elementor-widget__width-initial elementor-widget elementor-widget-text-editor\" data-id=\"a160a72\" data-element_type=\"widget\" data-widget_type=\"text-editor.default\">\n\t\t\t\t<div class=\"elementor-widget-container\">\n\t\t\t<style>\/*! elementor - v3.15.0 - 09-08-2023 *\/\n.elementor-widget-text-editor.elementor-drop-cap-view-stacked .elementor-drop-cap{background-color:#69727d;color:#fff}.elementor-widget-text-editor.elementor-drop-cap-view-framed .elementor-drop-cap{color:#69727d;border:3px solid;background-color:transparent}.elementor-widget-text-editor:not(.elementor-drop-cap-view-default) .elementor-drop-cap{margin-top:8px}.elementor-widget-text-editor:not(.elementor-drop-cap-view-default) .elementor-drop-cap-letter{width:1em;height:1em}.elementor-widget-text-editor .elementor-drop-cap{float:left;text-align:center;line-height:1;font-size:50px}.elementor-widget-text-editor .elementor-drop-cap-letter{display:inline-block}<\/style>\t\t\t\t<p>Guitarrista lleidatana titulada en<i>\u00a0Interpretaci\u00f3 de la guitarra cl\u00e0ssica<\/i>\u00a0i en\u00a0<i>Pedagogia de la guitarra<\/i>\u00a0pel Real Conservatori Superior de M\u00fasica de Madrid, on estudia amb el guitarrista Miguel Tr\u00e1paga. Obt\u00e9 el M\u00e0ster en\u00a0<i>Interpretaci\u00f3 amb el perfil de m\u00fasica de cambra<\/i>\u00a0a la Hochschule f\u00fcr Music\u00a0<i>Franz Listz<\/i>\u00a0de Weimar, Alemanya, on estudia amb Ricardo Gall\u00e9n (guitarra) i Thomas M\u00fcller-Pering (m\u00fasica de cambra). Ha estudiat tamb\u00e9\u00a0<i>Estrat\u00e8gies de M\u00e0rqueting Musical en Red Social<\/i>\u00a0a la Universitat de les Arts (UdK) de Berlin. Ha complementat la seva formaci\u00f3 amb classes magistrals amb diferents guitarristes com Carles Trepat, Leo Brouwer, Margarita Escarpa, David Russell, \u00c0lex Garrob\u00e9, Armando Marrossu o Marco Smaili, entre altres, i ha estat becada dos anys consecutius per AIE.\u00a0<\/p><p>Com a solista ha actuat amb diferents formacions i orquestres, entre elles amb la Orquestra Simf\u00f2nica de la Universitat Aut\u00f2noma de Madrid (UAM), amb la <a href=\"https:\/\/youtu.be\/tig8oq1Flvc?feature=shared\">Jove Orquestra de Ponent<\/a> (JOP) o amb <a href=\"http:\/\/www.lleidartensemble.cat\/guitarra-busca-ensemble.html\">LleidArt Ensemble<\/a>. Col.labora en l&#8217;actualitat amb la OBC (Orquestra Simf\u00f2nica de Barcelona i Nacional de Catalunya). Ha tocat en diferents festivals d&#8217;Espanya, Alemanya i Argentina, i en sales com l&#8217;Auditori Nacional de Madrid, l&#8217;Auditori de Barcelona, l&#8217;Auditori <a href=\"https:\/\/youtu.be\/byMsTnQ1jdE?feature=shared\">Cartuja Center Cite<\/a> de Sevilla o l&#8217;Auditori del <a href=\"https:\/\/youtu.be\/jpdE6vcWNmM?feature=shared\">Museu de la M\u00fasica de Berlin<\/a>.<\/p><p>Ha treballat amb diferents directors d&#8217;orquestra com Nicholas Collon, Matthias Pintscher o Daniel Pacitti i ha estrenat diferents obres com: \u00a0<i>Dreydl\u00a0<\/i>\u00a0d&#8217;Olga Neuwirth (2023), \u00a0<em>L&#8217;amor, el ja\u00e7 i el son<\/em> de Jordi Cornudella (2022), <a href=\"https:\/\/youtu.be\/fQEWO5XcGsk?feature=shared\"><em>Dues peces de tardor per a guitarra i clarinet<\/em><\/a> de Jos\u00e9 Galeote (2022),\u00a0<a href=\"https:\/\/youtu.be\/0ovzGk6rMGI?feature=shared\"><em>Semblan\u00e7a<\/em><\/a> de Gloria Villanueva (2022),\u00a0<i>Cantico delle Creature<\/i>\u00a0de Daniel Pacitti (2016) i\u00a0<i>Texturas del silencio<\/i>\u00a0de Flores Chaviano (2011).<\/p><p>Compagina els concerts solista amb la m\u00fasica de cambra, formant part de diferents agrupacions estables com <a href=\"https:\/\/www.youtube.com\/@banusduo\"><b>BANUS DUO<\/b><\/a> (clarinet i guitarra), <a href=\"https:\/\/www.youtube.com\/watch?v=hiXLqpuSG3E\"><b>DUO MALIBRAN<\/b><\/a> (soprano i guitarra) i\u00a0<a href=\"https:\/\/www.youtube.com\/@dosdelis\"><b>DOS DE LIS<\/b><\/a> (viol\u00ed i guitarra).<\/p><p>En l&#8217;\u00e0mbit de la m\u00fasica moderna ha tocat amb m\u00fasics com Barry Palmer o Anita Hegerland.<\/p><p>Com a pedagoga ha treballat en diferents escoles de m\u00fasica i conservatoris d&#8217;Espanya i Alemanya. Actualment treballa al Conservatori de Sabadell com a professora de guitarra, directora del Conjunt Linnemann i Cap del departament de Conjunts i Percussi\u00f3.<\/p>\t\t\t\t\t\t<\/div>\n\t\t\t\t<\/div>\n\t\t\t\t<\/div>\n\t\t<div class=\"elementor-element elementor-element-f8c00ea e-con-full e-flex e-con\" data-id=\"f8c00ea\" data-element_type=\"container\" data-settings=\"{&quot;content_width&quot;:&quot;full&quot;,&quot;background_background&quot;:&quot;classic&quot;}\">\n\t\t\t\t<\/div>\n\t\t\t\t\t<\/div>\n\t\t\t\t<\/div>\n\t\t<div class=\"elementor-element elementor-element-4cb2ae0 e-flex e-con-boxed e-con\" data-id=\"4cb2ae0\" data-element_type=\"container\" data-settings=\"{&quot;content_width&quot;:&quot;boxed&quot;}\">\n\t\t\t\t\t<div class=\"e-con-inner\">\n\t\t\t\t<div class=\"elementor-element elementor-element-242e77a elementor-widget elementor-widget-spacer\" data-id=\"242e77a\" data-element_type=\"widget\" data-widget_type=\"spacer.default\">\n\t\t\t\t<div class=\"elementor-widget-container\">\n\t\t\t<style>\/*! elementor - v3.15.0 - 09-08-2023 *\/\n.elementor-column .elementor-spacer-inner{height:var(--spacer-size)}.e-con{--container-widget-width:100%}.e-con-inner>.elementor-widget-spacer,.e-con>.elementor-widget-spacer{width:var(--container-widget-width,var(--spacer-size));--align-self:var(--container-widget-align-self,initial);--flex-shrink:0}.e-con-inner>.elementor-widget-spacer>.elementor-widget-container,.e-con-inner>.elementor-widget-spacer>.elementor-widget-container>.elementor-spacer,.e-con>.elementor-widget-spacer>.elementor-widget-container,.e-con>.elementor-widget-spacer>.elementor-widget-container>.elementor-spacer{height:100%}.e-con-inner>.elementor-widget-spacer>.elementor-widget-container>.elementor-spacer>.elementor-spacer-inner,.e-con>.elementor-widget-spacer>.elementor-widget-container>.elementor-spacer>.elementor-spacer-inner{height:var(--container-widget-height,var(--spacer-size))}<\/style>\t\t<div class=\"elementor-spacer\">\n\t\t\t<div class=\"elementor-spacer-inner\"><\/div>\n\t\t<\/div>\n\t\t\t\t<\/div>\n\t\t\t\t<\/div>\n\t\t\t\t\t<\/div>\n\t\t\t\t<\/div>\n\t\t\t\t\t\t\t<\/div>\n\t\t","protected":false},"excerpt":{"rendered":"<p>Guitarrista lleidatana titulada en\u00a0Interpretaci\u00f3 de la guitarra cl\u00e0ssica\u00a0i en\u00a0Pedagogia de la guitarra\u00a0pel Real Conservatori Superior de M\u00fasica de Madrid, on estudia amb el guitarrista Miguel Tr\u00e1paga. Obt\u00e9 el M\u00e0ster en\u00a0Interpretaci\u00f3<span class=\"more-button\"><a href=\"https:\/\/laurafontanals.com\/?page_id=725\" class=\"more-link\">Continue reading<span class=\"screen-reader-text\">BIO<\/span><\/a><\/span><\/p>\n","protected":false},"author":1,"featured_media":0,"parent":0,"menu_order":0,"comment_status":"closed","ping_status":"closed","template":"","meta":{"om_disable_all_campaigns":false,"_monsterinsights_skip_tracking":false,"_monsterinsights_sitenote_active":false,"_monsterinsights_sitenote_note":"","_monsterinsights_sitenote_category":0,"_themeisle_gutenberg_block_has_review":false},"aioseo_notices":[],"_links":{"self":[{"href":"https:\/\/laurafontanals.com\/index.php?rest_route=\/wp\/v2\/pages\/725"}],"collection":[{"href":"https:\/\/laurafontanals.com\/index.php?rest_route=\/wp\/v2\/pages"}],"about":[{"href":"https:\/\/laurafontanals.com\/index.php?rest_route=\/wp\/v2\/types\/page"}],"author":[{"embeddable":true,"href":"https:\/\/laurafontanals.com\/index.php?rest_route=\/wp\/v2\/users\/1"}],"replies":[{"embeddable":true,"href":"https:\/\/laurafontanals.com\/index.php?rest_route=%2Fwp%2Fv2%2Fcomments&post=725"}],"version-history":[{"count":41,"href":"https:\/\/laurafontanals.com\/index.php?rest_route=\/wp\/v2\/pages\/725\/revisions"}],"predecessor-version":[{"id":1167,"href":"https:\/\/laurafontanals.com\/index.php?rest_route=\/wp\/v2\/pages\/725\/revisions\/1167"}],"wp:attachment":[{"href":"https:\/\/laurafontanals.com\/index.php?rest_route=%2Fwp%2Fv2%2Fmedia&parent=725"}],"curies":[{"name":"wp","href":"https:\/\/api.w.org\/{rel}","templated":true}]}}

<div data-elementor-type="wp-page" data-elementor-id="725" class="elementor elementor-725">
							<div class="elementor-element elementor-element-967d44d e-flex e-con-boxed e-con" data-id="967d44d" data-element_type="container" data-settings="{&quot;background_background&quot;:&quot;classic&quot;,&quot;content_width&quot;:&quot;boxed&quot;}">
					<div class="e-con-inner">
		<div class="elementor-element elementor-element-a6288ad e-con-full e-flex e-con" data-id="a6288ad" data-element_type="container" data-settings="{&quot;content_width&quot;:&quot;full&quot;}">
				<div class="elementor-element elementor-element-a160a72 elementor-widget__width-initial elementor-widget elementor-widget-text-editor" data-id="a160a72" data-element_type="widget" data-widget_type="text-editor.default">
				<div class="elementor-widget-container">
			<style>/*! elementor - v3.15.0 - 09-08-2023 */
.elementor-widget-text-editor.elementor-drop-cap-view-stacked .elementor-drop-cap{background-color:#69727d;color:#fff}.elementor-widget-text-editor.elementor-drop-cap-view-framed .elementor-drop-cap{color:#69727d;border:3px solid;background-color:transparent}.elementor-widget-text-editor:not(.elementor-drop-cap-view-default) .elementor-drop-cap{margin-top:8px}.elementor-widget-text-editor:not(.elementor-drop-cap-view-default) .elementor-drop-cap-letter{width:1em;height:1em}.elementor-widget-text-editor .elementor-drop-cap{float:left;text-align:center;line-height:1;font-size:50px}.elementor-widget-text-editor .elementor-drop-cap-letter{display:inline-block}</style>				<p>Guitarrista lleidatana titulada en<i> Interpretació de la guitarra clàssica</i> i en <i>Pedagogia de la guitarra</i> pel Real Conservatori Superior de Música de Madrid, on estudia amb el guitarrista Miguel Trápaga. Obté el Màster en <i>Interpretació amb el perfil de música de cambra</i> a la Hochschule für Music <i>Franz Listz</i> de Weimar, Alemanya, on estudia amb Ricardo Gallén (guitarra) i Thomas Müller-Pering (música de cambra). Ha estudiat també <i>Estratègies de Màrqueting Musical en Red Social</i> a la Universitat de les Arts (UdK) de Berlin. Ha complementat la seva formació amb classes magistrals amb diferents guitarristes com Carles Trepat, Leo Brouwer, Margarita Escarpa, David Russell, Àlex Garrobé, Armando Marrossu o Marco Smaili, entre altres, i ha estat becada dos anys consecutius per AIE. </p><p>Com a solista ha actuat amb diferents formacions i orquestres, entre elles amb la Orquestra Simfònica de la Universitat Autònoma de Madrid (UAM), amb la <a href="https://youtu.be/tig8oq1Flvc?feature=shared">Jove Orquestra de Ponent</a> (JOP) o amb <a href="http://www.lleidartensemble.cat/guitarra-busca-ensemble.html">LleidArt Ensemble</a>. Col.labora en l&#8217;actualitat amb la OBC (Orquestra Simfònica de Barcelona i Nacional de Catalunya). Ha tocat en diferents festivals d&#8217;Espanya, Alemanya i Argentina, i en sales com l&#8217;Auditori Nacional de Madrid, l&#8217;Auditori de Barcelona, l&#8217;Auditori <a href="https://youtu.be/byMsTnQ1jdE?feature=shared">Cartuja Center Cite</a> de Sevilla o l&#8217;Auditori del <a href="https://youtu.be/jpdE6vcWNmM?feature=shared">Museu de la Música de Berlin</a>.</p><p>Ha treballat amb diferents directors d&#8217;orquestra com Nicholas Collon, Matthias Pintscher o Daniel Pacitti i ha estrenat diferents obres com:  <i>Dreydl </i> d&#8217;Olga Neuwirth (2023),  <em>L&#8217;amor, el jaç i el son</em> de Jordi Cornudella (2022), <a href="https://youtu.be/fQEWO5XcGsk?feature=shared"><em>Dues peces de tardor per a guitarra i clarinet</em></a> de José Galeote (2022), <a href="https://youtu.be/0ovzGk6rMGI?feature=shared"><em>Semblança</em></a> de Gloria Villanueva (2022), <i>Cantico delle Creature</i> de Daniel Pacitti (2016) i <i>Texturas del silencio</i> de Flores Chaviano (2011).</p><p>Compagina els concerts solista amb la música de cambra, formant part de diferents agrupacions estables com <a href="https://www.youtube.com/@banusduo"><b>BANUS DUO</b></a> (clarinet i guitarra), <a href="https://www.youtube.com/watch?v=hiXLqpuSG3E"><b>DUO MALIBRAN</b></a> (soprano i guitarra) i <a href="https://www.youtube.com/@dosdelis"><b>DOS DE LIS</b></a> (violí i guitarra).</p><p>En l&#8217;àmbit de la música moderna ha tocat amb músics com Barry Palmer o Anita Hegerland.</p><p>Com a pedagoga ha treballat en diferents escoles de música i conservatoris d&#8217;Espanya i Alemanya. Actualment treballa al Conservatori de Sabadell com a professora de guitarra, directora del Conjunt Linnemann i Cap del departament de Conjunts i Percussió.</p>						</div>
				</div>
				</div>
		<div class="elementor-element elementor-element-f8c00ea e-con-full e-flex e-con" data-id="f8c00ea" data-element_type="container" data-settings="{&quot;content_width&quot;:&quot;full&quot;,&quot;background_background&quot;:&quot;classic&quot;}">
				</div>
					</div>
				</div>
		<div class="elementor-element elementor-element-4cb2ae0 e-flex e-con-boxed e-con" data-id="4cb2ae0" data-element_type="container" data-settings="{&quot;content_width&quot;:&quot;boxed&quot;}">
					<div class="e-con-inner">
				<div class="elementor-element elementor-element-242e77a elementor-widget elementor-widget-spacer" data-id="242e77a" data-element_type="widget" data-widget_type="spacer.default">
				<div class="elementor-widget-container">
			<style>/*! elementor - v3.15.0 - 09-08-2023 */
.elementor-column .elementor-spacer-inner{height:var(--spacer-size)}.e-con{--container-widget-width:100%}.e-con-inner>.elementor-widget-spacer,.e-con>.elementor-widget-spacer{width:var(--container-widget-width,var(--spacer-size));--align-self:var(--container-widget-align-self,initial);--flex-shrink:0}.e-con-inner>.elementor-widget-spacer>.elementor-widget-container,.e-con-inner>.elementor-widget-spacer>.elementor-widget-container>.elementor-spacer,.e-con>.elementor-widget-spacer>.elementor-widget-container,.e-con>.elementor-widget-spacer>.elementor-widget-container>.elementor-spacer{height:100%}.e-con-inner>.elementor-widget-spacer>.elementor-widget-container>.elementor-spacer>.elementor-spacer-inner,.e-con>.elementor-widget-spacer>.elementor-widget-container>.elementor-spacer>.elementor-spacer-inner{height:var(--container-widget-height,var(--spacer-size))}</style>		<div class="elementor-spacer">
			<div class="elementor-spacer-inner"></div>
		</div>
				</div>
				</div>
					</div>
				</div>
							</div>

<p>Guitarrista lleidatana titulada en Interpretació de la guitarra clàssica i en Pedagogia de la guitarra pel Real Conservatori Superior de Música de Madrid, on estudia amb el guitarrista Miguel Trápaga. Obté el Màster en Interpretació<span class="more-button"><a href="https://laurafontanals.com/?page_id=725" class="more-link">Continue reading<span class="screen-reader-text">BIO</span></a></span></p>
